posite number?
True
Is 484189753 prime?
True
Is 50198604133 a composite number?
False
Is 1531822811 prime?
True
Is 465458677 composite?
False
Is 6572311106 a prime number?
False
Is 3756491179 a prime number?
False
Is 2202496573 a composite number?
False
Is 253465507 a prime number?
True
Is 2086388677 a prime number?
True
Is 4011154093 a prime number?
True
Is 107523563 a prime number?
False
Is 173340361 a composite number?
False
Is 31756683437 composite?
False
Is 30112929283 composite?
True
Is 29370007661 prime?
False
Is 144689566951 a composite number?
True
Is 1804835017 prime?
False
Is 1427680291 composite?
False
Is 1503073339 a composite number?
False
Is 548529161 a prime number?
False
Is 1771913327 a composite number?
False
Is 1916003329 composite?
True
Is 373102469 a prime number?
True
Is 3858633357 composite?
True
Is 1045391687 composite?
True
Is 612941779 prime?
True
Is 10051672091 a composite number?
False
Is 166486681 composite?
False
Is 6319183103 composite?
True
Is 65017766939 composite?
True
Is 2193137061 composite?
True
Is 2250203959 a composite number?
False
Is 5101505723 composite?
False
Is 679409653951 a composite number?
True
Is 5464212107 a prime number?
False
Is 1625897597 a prime number?
True
Is 24395048533 composite?
False
Is 2035231 prime?
False
Is 1166422066 a composite number?
True
Is 4480501817 prime?
False
Is 3009648634 a composite number?
True
Is 3429936277 a prime number?
True
Is 27769465753 a composite number?
False
Is 3590270741 composite?
True
Is 7934583029 composite?
True
Is 37280002951 a composite number?
True
Is 963227311 composite?
True
Is 204872399 a composite number?
True
Is 15893293613 composite?
False
Is 565081973 composite?
False
Is 1395453977 a composite number?
False
Is 2966905147 prime?
False
Is 6048335977 composite?
False
Is 1638761557 a composite number?
True
Is 492487789 a prime number?
True
Is 1506436573 composite?
False
Is 21681655867 a composite number?
False
Is 245547829 a composite number?
True
Is 3289725731 a composite number?
True
Is 20219629421 a composite number?
True
Is 362877059 a composite number?
False
Is 282340921 a prime number?
True
Is 3332400881 a composite number?
False
Is 15890701039 a composite number?
False
Is 411498205 composite?
True
Is 860901043 a prime number?
False
Is 19369914013 composite?
False
Is 1769207599 composite?
True
Is 12651624151 prime?
False
Is 180512177 composite?
True
Is 461118071003 a prime number?
True
Is 8755230721 a prime number?
True
Is 8858786747 composite?
False
Is 12310435993 a composite number?
True
Is 76442207 a composite number?
False
Is 18360178693 a prime number?
False
Is 33312758723 composite?
False
Is 17218657 prime?
True
Is 338140813 a composite number?
False
Is 455634821 a composite number?
False
Is 60116303951 composite?
True
Is 257929589 prime?
True
Is 13320595153 prime?
False
Is 919634987 a composite number?
False
Is 4891574557 a prime number?
False
Is 13638091 a composite number?
True
Is 52307533193 a prime number?
True
Is 111755786143 composite?
False
Is 18453453789 composite?
True
Is 3327127679 prime?
False
Is 3150153221 a composite number?
False
Is 2942743823 composite?
False
Is 11278573843 a composite number?
False
Is 30647890417 prime?
True
Is 16577291723 a prime number?
True
Is 198099829 a composite number?
False
Is 5170017299 prime?
False
Is 94438970371 a composite number?
False
Is 632048189 prime?
True
Is 525628039 prime?
False
Is 471365941 a prime number?
False
Is 1520161193 a composite number?
True
Is 5474962847 a prime number?
True
Is 13516284149 a prime number?
False
Is 31209539597 a prime number?
False
Is 157086277 a composite number?
False
Is 54045169 composite?
True
Is 192934733 a composite number?
True
Is 20272349 a composite number?
True
Is 717532591 a composite number?
False
Is 40398774359 a prime number?
False
Is 10863712921 composite?
True
Is 238563913741 prime?
False
Is 12277752803 a prime number?
True
Is 56125920547 a composite number?
False
Is 11268234953 a composite number?
False
Is 5170701611 composite?
False
Is 2209370305 a composite number?
True
Is 13876760819 composite?
False
Is 9076893067 a prime number?
False
Is 22291861973 composite?
True
Is 1392410233 a prime number?
False
Is 14515433563 a composite number?
True
Is 413191774 a composite number?
True
Is 23986578527 a composite number?
False
Is 225506023 composite?
True
Is 1549541327 composite?
True
Is 612026249 a prime number?
False
Is 24513503722 prime?
False
Is 110834523391 a composite number?
False
Is 7624653457 a prime number?
True
Is 7661536283 prime?
True
Is 33642970133 composite?
False
Is 178163156737 a prime number?
True
Is 111482122855 a prime number?
False
Is 295240391 composite?
True
Is 58902717161 a composite number?
True
Is 5496758581 composite?
True
Is 147359685143 composite?
True
Is 1288501817 a composite number?
False
Is 7496454533 a prime number?
True
Is 10414123519 composite?
True
Is 193012663 a composite number?
True
Is 353496739 prime?
False
Is 1927063759 composite?
False
Is 73232641 a composite number?
True
Is 101810981 prime?
False
Is 4195078051 a prime number?
True
Is 52580612143 a prime number?
True
Is 11909795291 prime?
False
Is 26494021 a composite number?
False
Is 10866097241 prime?
True
Is 88777487983 a composite number?
True
Is 14920194767 composite?
False
Is 819783169 a composite number?
False
Is 8591149279 a composite number?
False
Is 25300693897 a composite number?
False
Is 3268308619 a prime number?
True
Is 17811811333 a prime number?
True
Is 11854891549 prime?
False
Is 157136190659 a composite number?
True
Is 3277501873 a prime number?
False
Is 23727298697 a prime number?
False
Is 7376613991 a composite number?
False
Is 63290701189 composite?
True
Is 4645213099 composite?
True
Is 3432570781 composite?
False
Is 6389629237 prime?
True
Is 933623749 prime?
True
Is 315981143 a composite number?
False
Is 162810071 a composite number?
True
Is 8440605631 a prime number?
False
Is 26426094217 a prime number?
False
Is 61873588927 a composite number?
False
Is 25790924633 prime?
False
Is 4852086087 a prime number?
False
Is 12730746139 prime?
True
Is 478484509 a prime number?
False
Is 8445076307 a prime number?
False
Is 949041969 a composite number?
True
Is 8634085027 a prime number?
True
Is 654779291 prime?
False
Is 59105186953 composite?
False
Is 144904457 composite?
False
Is 3978643233 composite?
True
Is 929334221 composite?
False
Is 123078788317 a prime number?
False
Is 47278316489 a composite number?
True
Is 8358673051 composite?
False
Is 8804459 prime?
False
Is 1843197751 a composite number?
False
Is 22945966697 composite?
False
Is 7961657671 a composite number?
True
Is 38251275043 a composite number?
False
Is 27000477551 a prime number?
True
Is 633474419 a composite number?
False
Is 1431015829 a prime number?
True
Is 194017561 a composite number?
True
Is 1466639789 prime?
True
Is 38615636581 composite?
True
Is 316424441 prime?
True
Is 6522611383 composite?
True
Is 4935802087 prime?
False
Is 13626323197 composite?
False
Is 1045723459 prime?
False
Is 7452229607 a composite number?
True
Is 3020323529 a composite number?
False
Is 113180482 prime?
False
Is 1321677151 composite?
True
Is 8022576619 a prime number?
False
Is 2634235963 composite?
True
Is 6891687983 composite?
False
Is 14359310543 a composite number?
False
Is 461854595 a prime number?
False
Is 63791352767 a composite number?
False
Is 564654823 composite?
True
Is 2842359643 a composite number?
False
Is 29745608723 a composite number?
False
Is 39211044083 a prime number?
True
Is 319158047 a composite number?
True
Is 1043476453 prime?
True
Is 2266976093 a composite number?
False
Is 248807149 prime?
True
Is 145233107 prime?
False
Is 692951081 prime?
True
Is 29298551477 a composite number?
True
Is 12500635361 a composite number?
False
Is 17046340823 prime?
True
Is 82266071 a composite number?
True
Is 10189285829 a composite number?
False
Is 8824810409 composite?
True
Is 984333017 a composite number?
False
Is 795771499 composite?
False
Is 887550668347 prime?
False
Is 3167653 prime?
True
Is 16402934971 a composite number?
False
Is 8679194551 a prime number?
False
Is 551569663 a prime number?
True
Is 61749859721 a prime number?
False
Is 547897639 a prime number?
True
Is 19015768